w + 3 + 8 = z. What are the prime factors of z + -2 - (3 - 4)?
2, 3
Suppose -24*o = -26*o + 248. List the prime factors of o.
2, 31
Let x = -28 - -68. Suppose 0 = -3*r - 2*r + x. What are the prime factors of r?
2
Let m = -585 + 828. What are the prime factors of m?
3
Let k(o) = 2*o**2 - 8*o - 2. What are the prime factors of k(7)?
2, 5
Suppose -87 = -j + w, 5*w = -2*j - 3*j + 395. What are the prime factors of j?
83
Let i = -2 - -7. Let k = i - 5. Suppose -3*g + 42 = -k*g. What are the prime factors of g?
2, 7
Suppose 2*h = -3*h. Suppose h = -3*s + 47 - 5. List the prime factors of s.
2, 7
Suppose -5*d - 2 + 19 = 4*s, -4*d + 13 = 3*s. Let h(b) = b + 4. Let t be h(0). Suppose 0 = -2*r - p + 7, -s*p = r + t*r - 16. List the prime factors of r.
5
Let g(s) = -s**3 + 2*s**2 + s - 2. Let i be g(4). Let l = i + 43. What are the prime factors of l?
13
Suppose 3*s + 125 = 5*l, -l + 2 = -0*l + 4*s. What are the prime factors of l?
2, 11
Let f(b) = b**2 + 8*b + 9. Suppose -2*u = u + 21. Let j be f(u). Suppose j*p = y + 24, -10 = 5*p - 3*y - 70. What are the prime factors of p?
2, 3
Suppose 96 = y - 48. List the prime factors of y.
2, 3
Suppose 4*m = -0*m + 8. Let r(i) = 3*i - 7*i + 2 + i**2 - i + 0*i**m. What are the prime factors of r(7)?
2
Let r(i) = i**3 + 3*i**2 + 2*i + 2. Let b be r(-2). Suppose 4*k - 2*w = 10, b*w = -0*k + 2*k. Suppose -k*m + 60 = 10. What are the prime factors of m?
2, 5
What are the prime factors of (83 - (3 - 0))*4/4?
2, 5
Suppose -2*x = -62 - 0. Let w = -14 + x. Let u = -4 + w. What are the prime factors of u?
13
Suppose 3*j + 3*o = 3, 2*j + 0*j + 3*o = 0. Suppose -l = 1, -j*i + 3*l - 4 = -22. List the prime factors of i.
5
Suppose 0 = -5*g + 2*g + 21. Let w(k) = -2*k + k + 2 - g. List the prime factors of w(-8).
3
Suppose 0 = -3*m + 31 + 65. List the prime factors of m.
2
Suppose -3*x = 0, 5*d = x - 2 + 7. List the prime factors of (5 + 5)/(d/2).
2, 5
Suppose -5*v + 241 = 46. List the prime factors of v.
3, 13
Let g(v) = v**2 + 9*v - 6. What are the prime factors of g(9)?
2, 3, 13
What are the prime factors of (-667)/(-5) + 42/70?
2, 67
List the prime factors of 1780/12 + 3 + 4/6.
2, 19
Let o(x) be the third derivative of -x**5/60 - x**4/3 + 7*x**3/6 - x**2. List the prime factors of o(-7).
2, 7
Let t(u) be the first derivative of 3*u**2/2 + 2*u - 4. What are the prime factors of t(2)?
2
Suppose 48 = -4*m - 4*r + 248, 4*m + r - 206 = 0. List the prime factors of m.
2, 13
Suppose 2*m - 100 = -3*r, -m - 222 = -5*m + 5*r. Let g = m + -35. What are the prime factors of g?
2, 3
Let r(v) = 2*v - 27. Let h(g) = -3*g + 40. Let i(q) = 5*h(q) + 7*r(q). List the prime factors of i(-9).
2, 5
Let y(z) = -9*z - 9. List the prime factors of y(-6).
3, 5
Suppose 0 = -c + 333 - 128. List the prime factors of c.
5, 41
List the prime factors of 10/(-25) - 42*(-7)/10.
29
Let f = -18 + 14. What are the prime factors of 2 + 16 + 12/f?
3, 5
Suppose 23 = 4*w - 5. Let a = w - -2. What are the prime factors of a?
3
Suppose 5*m + 2 = 3*d, -4*d + 3*d = -m - 2. Let g(i) = 4*i**2 - i - 2. List the prime factors of g(m).
2, 3
Suppose -4*w + 8 = 0, -k - 4*w + w = -3. What are the prime factors of 18 - (k + (3 - 3))?
3, 7
Let u be -1*18/(-3) + 2. Suppose -3*t + u = -1. Suppose -t*d - 9 = -4*d. List the prime factors of d.
3
Suppose -4*s = -m - 30, 0 = 2*s + s - 2*m - 20. Let k = 8 + s. What are the prime factors of k?
2
What are the prime factors of 1/(-6) + 589/114?
5
Suppose -3*q - 3*c = -6, -7*q + 5 = -3*q + c. Let a(u) = -3*u - 1 - q + 5 + 4*u**2 + 0*u**2. What are the prime factors of a(2)?
13
Suppose -5*z + 28 = 4*s - 2*z, -2*z - 7 = -s. Let g = s + -4. Suppose g = 3*c - 3. What are the prime factors of c?
2
Suppose 8*h = -0*h + 584. What are the prime factors of h?
73
Suppose 4*v + 3*t - 7*t = 8, -3*v = t - 18. Let u = v + -2. List the prime factors of u.
3
Let b = -271 + 455. What are the prime factors of b?
2, 23
Suppose -2*c + 2*p = -22, -3*c - 6 = -2*p - 37. What are the prime factors of (c + 0)/1 + -2?
7
Let t be 4/(-3 + (-4)/(-4) - 0). Let d = 3 + -5. What are the prime factors of t - (-9 - 4/d)?
5
Let m(h) = h**3 + 6*h**2 + 3*h + 2. Let r be m(-3). Let c be ((-2)/(-4))/(2/r). Suppose 0 = -5*p - 20, c*x + p - 49 = -3*p. List the prime factors of x.
13
What are the prime factors of 63/(-28)*112/(-6)?
2, 3, 7
Let r = -6 - -5. Let j = r - -10. What are the prime factors of j?
3
Suppose -33 = -2*q - 5*o + 2, -5*o = 5. Let m = q - 11. What are the prime factors of m?
3
Let y be 2/(-3) + 47/3. Suppose -j - 84 = -4*t, -j - 21 = 2*t - 3*t. Let z = t - y. List the prime factors of z.
2, 3
Let s be 2328/22 + 4/22. Suppose 2*l = -l + 5*w + s, 5*w - 54 = -2*l. List the prime factors of l.
2
List the prime factors of ((-1)/(-3))/((-2)/(-966) - 0).
7, 23
Let j(u) = -44*u**3 - u**2 - 2*u - 1. Let k be j(-1). Suppose -k = -r - 11. List the prime factors of r.
3, 11
Let l be 3*5/((-45)/6). Let h = 1 + l. What are the prime factors of (2/3)/(h/(-18))?
2, 3
List the prime factors of 1*(30/2 - 0).
3, 5
Let z(y) = -y + 5. Let d be z(5). Let r = d + 0. Suppose r*u + 4*u - 16 = 0. What are the prime factors of u?
2
Suppose 4*j = -m + 269, 3*m - 1 = 2. List the prime factors of j.
67
Suppose -t + 128 = t - q, -136 = -2*t + 3*q. List the prime factors of t.
2, 31
Let r(k) = 4*k**3 - k**2 + 5*k + 3. Let j be r(-3). List the prime factors of j/(-15) - (-4)/10.
3
Let q be 12/(-20) - 4/10. Let d(u) = u**3 - 6*u**2 - u - 4. Let c be d(6). List the prime factors of ((-2)/((-4)/c))/q.
5
Let h(t) = 36*t + 3. Let o = 13 + -12. What are the prime factors of h(o)?
3, 13
Let o(k) = 5*k - 2. Let p(t) = t**3 - 5 - 3*t - 2 + 6 - 3*t**2. Let m be p(4). List the prime factors of o(m).
13
Let r = -6 - -10. Suppose 16 + 80 = r*d. List the prime factors of d.
2, 3
Let d be (-8)/14*(-28)/8. Suppose 3*w - 20 = d*w. What are the prime factors of w?
2, 5
Suppose 4*q - 3*c - 146 = 2*c, -5*q = -2*c - 191. What are the prime factors of q?
3, 13
Let f be (4/8)/(3/408). Suppose -3*a = -a - f. List the prime factors of a.
2, 17
Let d(x) = x**3 - 4*x**2 - x - 1. Let g be d(5). Let h = 6 + g. List the prime factors of h.
5
Let p = 19 - 2. Suppose -5*y - p = -57. What are the prime factors of y?
2
Let p = -9 - -21. Let t(a) = 2*a - 13. What are the prime factors of t(p)?
11
Let s = 26 + -19. Suppose -s*q + 84 = -3*q. What are the prime factors of q?
3, 7
Suppose -2*u = 3*f - 198, 3*f - 139 = -5*u + 50. What are the prime factors of f?
2, 17
Let c = -65 + 249. Let s = c + -101. Suppose v + 5*p = -5, -5*v = -5*p + 3*p - s. What are the prime factors of v?
3, 5
Suppose -10 = -2*d - 0*d. Suppose 0*f + 3*h = -d*f + 244, h - 238 = -5*f. What are the prime factors of f?
47
Suppose 3*w - 33 - 75 = 0. List the prime factors of w.
2, 3
List the prime factors of 141 - (0 + 1 + 3).
137
Let x = -7 + 9. Let q = 6 - x. Suppose -3*k = q*p - 31, 0*p + 4*p - 2*k - 26 = 0. List the prime factors of p.
7
Suppose 4*o + 106 = 38. Let p(m) = 6*m - 4. Let c be p(5). Let s = c + o. What are the prime factors of s?
3
Let k(c) = -c**3 + c**2 - c + 1. Let a(b) = -6*b**3 + 3*b**2 - 6*b + 7. Let t(i) = -a(i) + 5*k(i). What are the prime factors of t(3)?
2, 23
Suppose -4*m + 7 = 5*q, -2*m + 5 = 3*q + 4. Let w be (2 + (2 - 2))/(-1). Let f = w + m. List the prime factors of f.
2, 3
Let j(w) = -w**3 + w**2 + w. Let g be j(0). Suppose 2*l + 8 = g, 0*a + 5*a + 3*l - 28 = 0. What are the prime factors of a?
2
Let p = 10 + -33. Let w = 32 + p. What are the prime factors of w?
3
Let i(l) = -l**2 - 8*l - 1. Let s be i(-8). Let x = s + -2. What are the prime factors of (-32)/x - 7/(-21)?
11
Suppose -w + 4 = o - 2, -4*o - 25 = -3*w. Let t = -11 + w. Let v = t + 6. List the prime factors of v.
2
Suppose -4*i + 59 = -97. Let c = i + -23. What are the prime factors of c?
2
Let d be 9 + -1 + 1*2. Let x(y) = y**2 + 1. Let r be x(0). What are the prime factors of (d - 3/1)*r?
7
Let f(x) = -8*x - 14. Let o(k) = 9*k + 15. Let j(g) = 7*f(g) + 6*o(g). List the prime factors of j(-9).
2, 5
Let u(j) = 7*j - 2. What are the prime factors of u(1)?
5
Let l(b) = -b**3 + 5*b**2 + 6*b - 2. List the prime factors of l(5).
2, 7
Let s = 7 - 7. Suppose 0 = -2*u - v + 16, s*u - 4 = -2*u + 2*v. Suppose 4*l = -5*o + 52, -3*o = l - u*l - 46. List the prime factors 